 factors of v(p).
2, 59
Let c(d) = -d**2 + 28*d - 16. What are the prime factors of c(21)?
131
Let o(f) = -f**2 - 7*f + 8. Let l be o(-7). Suppose -2*d + 8 = -0*d. Suppose -2*p = -d*x - l, -3*x = -0*p - 2*p + 12. What are the prime factors of p?
2, 3
Suppose -5 = -5*i + 15. Suppose -i*f = -34 - 102. List the prime factors of f.
2, 17
Let z be (-34)/(-10) - 8/20. Let d(k) = -2 + 0 - 4*k + 6*k + k**2. List the prime factors of d(z).
13
Suppose 6*a - 3 = 21. Suppose -3*i = -5*f + 785, 0 = -4*f + 6*i - a*i + 630. What are the prime factors of f?
2, 5
Let z(l) = 7*l**2 + 2*l - 2. Let n be z(2). Suppose 0 = -5*h + 4 + 1. List the prime factors of n - (0 - h)*1.
31
Suppose -t = -2*l - 569, 55 = l + 2*t + 337. Let j = -154 - l. What are the prime factors of j?
2, 5, 13
Suppose 4*o + 3*x = -364, 3*o - 4*o = 3*x + 82. Let q = o - -164. List the prime factors of q.
2, 5, 7
Let z(n) = -2*n**3 + 20*n**2 + 17*n + 9. Let p(q) = q**3 - 10*q**2 - 9*q - 4. Let a(d) = -5*p(d) - 2*z(d). What are the prime factors of a(10)?
2, 7
Let v = -10 + 7. What are the prime factors of -1 - (-1 - 207) - 3/v?
2, 13
Let t be (1 + -2)*(-14 - -3). Let c = t - -36. What are the prime factors of c?
47
Suppose 0 = -3*f - 0*f + k + 60, -3*f - 2*k = -60. List the prime factors of ((-7)/(42/f))/(4/(-132)).
2, 5, 11
Suppose -7*i = i + 40. Let y(o) = 1 - 9*o - 4 + 1 - o**3 - 5*o**2. What are the prime factors of y(i)?
43
Let m = -20 + 23. Suppose k = 3*k - 3*x - 24, 4*x + 34 = m*k. Suppose -k*h + h = -145. List the prime factors of h.
29
Suppose -5*p - 3*f + 122 = -7*f, -8 = -4*f. Suppose 4*q - 90 = p. List the prime factors of q.
29
Suppose -3*l = -8*l - 140. Let u = 34 + l. Suppose u*b - 261 = 99. What are the prime factors of b?
2, 3, 5
What are the prime factors of 8718/14 - (-22)/77?
7, 89
Suppose 5 = 7*h - 16. List the prime factors of h - 214*4/(-8) - 0.
2, 5, 11
Let d = -1969 + 3728. What are the prime factors of d?
1759
Suppose -4 = -3*m - 5*p, -p - p = 5*m - 32. Suppose -48 - m = -4*a. List the prime factors of a.
2, 7
Suppose -2*k = -3*w + 2852 + 188, -5*w + 5065 = -5*k. List the prime factors of w.
2, 3, 13
Let w(p) = 297*p**2 - 4*p. List the prime factors of w(4).
2, 37
Let c = 16 + 151. List the prime factors of c.
167
Suppose -5*p = 3*l - 1780 + 331, 3*p = 0. What are the prime factors of l?
3, 7, 23
Suppose -15 = 3*p, 2*g - 4*p = 199 + 333. What are the prime factors of g?
2
Let x(v) be the third derivative of v**5/60 - v**4/8 - 13*v**3/6 - 6*v**2. What are the prime factors of x(10)?
3, 19
Suppose -8*n = -5*n - 24. Suppose 4*w + 4*a = n, -w - 2*a = a + 8. Let q = 36 + w. List the prime factors of q.
43
Suppose -2*l + 853 = -13*c + 12*c, -5*c - 1290 = -3*l. List the prime factors of l.
5, 17
Suppose 0 = -14*w - 0*w + 7210. Let v = w - 210. What are the prime factors of v?
5, 61
Let o(b) = -3*b**2 - 5*b - 4. Let m be o(-1). Let k(n) = -4*n**3 + 2*n**2 + 2*n + 3. What are the prime factors of k(m)?
3, 13
Let p(n) = 15*n**2 + 5*n + 4. Let v = 30 - 32. What are the prime factors of p(v)?
2, 3
Let s be (-75)/(-20)*1*8. Suppose 4*o - 7*o + s = 0. List the prime factors of o.
2, 5
Suppose -4*z + 5772 = -0*z. Suppose -z = -5*q - 288. List the prime factors of q.
3, 7, 11
Let z(b) = 4*b**2 - b + 6. Let y(j) = -4*j**2 + 2*j - 5. Let v(m) = -4*y(m) - 3*z(m). Let w be v(6). What are the prime factors of w/10 - (-2)/5?
2, 3
Suppose 0 = 5*f + 3*v - 31, 52 = -0*f + 5*f - 4*v. Suppose 323 = f*y - 437. What are the prime factors of y?
5, 19
Let h(r) = 7*r**2 - r - 8. List the prime factors of h(4).
2, 5
Let k(d) = d**3 + 2*d**2 - 3*d + 1. Let u be k(2). Let r = u + -11. Suppose r = -g + 1 + 4. What are the prime factors of g?
5
Suppose 7*q - 4*q + 147 = 0. Let f = 88 + q. What are the prime factors of f?
3, 13
Let z(l) = 8*l**2 - 4*l + 19. List the prime factors of z(-7).
439
Let d = -65 + 67. Suppose -d*m = -8*m + 1008. What are the prime factors of m?
2, 3, 7
Let x(o) = -3*o + 26. Let s = 57 + -57. What are the prime factors of x(s)?
2, 13
Let m(y) = -y**3 - 16*y**2 - 14*y + 18. Let f be m(-15). Suppose -c - 3*d + 26 + 11 = 0, 2*c = -f*d + 65. Let j = c + -1. List the prime factors of j.
3
Let z be (0 + 3)/((-9)/6*1). Let a be (-141)/4 - (-1)/4. What are the prime factors of 30/25*a/z?
3, 7
Let o(v) = -86*v - 19. List the prime factors of o(-6).
7, 71
Let y(q) = q**3 - q**2. Let s be y(3). Let c = 225 + -227. Let r = s + c. What are the prime factors of r?
2
Suppose -25*j + 58014 = 8*j. What are the prime factors of j?
2, 3, 293
Let p be 49 + 1*(-3)/(-3). Let j = -80 + 82. Suppose r - 21 = -2*q + q, j*r - 2*q - p = 0. List the prime factors of r.
23
Suppose 2*b - j = 1673, 2*b + 0*b + j = 1671. Suppose -5*s + b = -o, -2*s - 4*o = -5*s + 488. What are the prime factors of s?
2, 3, 7
Suppose 3*z = 5*v - 15929, v - 1714 = -5*z + 1483. What are the prime factors of v?
3187
What are the prime factors of (4/(-18)*6)/(1/(-1743))?
2, 7, 83
Suppose -2*x + 9 - 19 = 0. What are the prime factors of x*(4 + 260/(-25))?
2
Let g be ((-6 - -4) + 1)/((-2)/(-484)). What are the prime factors of (g/(-4) - 2) + 21/14?
2, 3, 5
Let q(n) = 3*n + 31. Let v be q(-7). What are the prime factors of (-9 - -10)*6*v?
2, 3, 5
Suppose -s - 3510 = -3*f, 12*s = f + 7*s - 1156. List the prime factors of f.
1171
Let p(y) be the first derivative of 39*y**2/2 + 4*y + 7. Let w(h) = 39*h + 5. Let b(v) = -4*p(v) + 3*w(v). List the prime factors of b(-1).
2, 19
Let h(w) = -w**3 + 7*w**2 + 5 + 40*w - 46*w + 0*w**3. Let s be h(6). Let n(c) = 3*c**2 - 5*c - 3. List the prime factors of n(s).
47
Suppose 44 = a + 2. Suppose 0 = a*d - 40*d - 218. What are the prime factors of d?
109
Let y(i) = -216*i - 13. Let l(q) = 1. Let g(t) = -2*l(t) - y(t). What are the prime factors of g(1)?
227
Let c be 9/(-6)*28/(-1). Suppose -t + c = t. Suppose -t = -2*r + 5*h, -5*r - 6*h + 3*h = -68. List the prime factors of r.
13
What are the prime factors of 185 - (105/(-33) + (-6)/(-33))?
2, 47
Suppose 10*l - 821 + 181 = 0. What are the prime factors of 3568/l - (10/(-8) - -1)?
2, 7
Let z(f) = -f**3 - 16*f**2 - f + 10. Let b be 1/((-3)/(-40))*6/(-5). What are the prime factors of z(b)?
2, 13
Let r be (-208)/(-32) + 1/2. Suppose 36 = -2*t + 6*t + 4*q, -2*q + r = t. List the prime factors of t.
11
Let x(n) = 3 - n**2 + 2*n**2 + 6*n - n**3 - 5*n. Let b be x(0). Suppose 57 = 3*d - b*z, 3*d = 4*z + 1 + 54. List the prime factors of d.
3, 7
Suppose 4*a - 18 = 2*a. Let g(x) = -x**2 - x - 13. Let y(s) = 5*s**2 + 4*s + 53. Let o(j) = a*g(j) + 2*y(j). List the prime factors of o(-6).
31
Let h(q) be the third derivative of q**5/60 - q**4/6 + 3*q**2. Let x be h(7). Suppose -4*a + 31 + x = 0. List the prime factors of a.
13
List the prime factors of -8 - -257 - 3 - 10.
2, 59
Let n(t) be the first derivative of t**4/4 + 7*t**3/3 - 7*t**2/2 - 10*t - 6. Let f be n(-9). Let g = 155 + f. List the prime factors of g.
2, 23
Let m = 269 - 174. Suppose 3*p - 135 = g + 120, p = -3*g + m. List the prime factors of p.
2, 43
Let j = 116 + -70. Suppose j + 17 = m. What are the prime factors of m?
3, 7
Suppose l = -0*l + r + 18, 0 = -5*l - 5*r + 120. Suppose 0 = 5*m + 6 - 16. Suppose -j - m = -l. What are the prime factors of j?
19
Let c be (-2)/(-3) - (-368)/(-12). Let f = 61 + c. What are the prime factors of f?
31
Suppose -8*f = -16*f - 16. List the prime factors of -5 + f + 2 + 126.
11
List the prime factors of 24/30*-2*1670/(-4).
2, 167
Let w(k) = 2*k**2 - 26*k - 4. Let l(r) = -r**2 + 9*r + 1. Let j(u) = 11*l(u) + 4*w(u). Let d be j(-2). List the prime factors of d/(-2) - (-9)/18.
2
Suppose 0 = -o - 3*o + 20. Suppose 4*n - o = -f + 13, 0 = -n + 2*f. Suppose -5*i + 35 = 3*d - 65, -n*d = 3*i - 49. List the prime factors of i.
23
Suppose -y + 2*q = -13, -3*y + 3*q + 11 = 4*q. Suppose 2*z + 2*z = 4*a - 612, -a + y*z = -157. Suppose -4*m + a = -20. What are the prime factors of m?
43
Let p be (-2)/(-3) + 5940/81. List the prime factors of p + 2 + 2 - (-12)/3.
2, 41
Suppose -1061 = 24*s - 19325. List the prime factors of s.
761
Let c(i) = -2*i - 17. Let r be c(-13). Suppose 0 = -4*m + m + r. Suppose y - m = -0*y. List the prime factors of y.
3
Let y = 3 - 0. Let i(n) = n**3 - 11*n**2 + 10*n + 1. Let d be i(10). Suppose -67 = -r + c, -c = d + y. List the prime factors of r.
3